 o**4/8 - 5*o**3/3 + o**2. Let l be c(5). Suppose l*n - 120 = 5. What is the units digit of n?
5
Suppose -3996 = 10*a - 37*a. What is the units digit of a?
8
Let u(v) = 41*v + 8. Let s be u(8). Suppose 0 = 4*m + 88 - s. What is the units digit of m?
2
Let g be 1*-236 + -6 - (-6)/(-2). What is the hundreds digit of g/(-1) - (3 - 8)?
2
Let j(k) = k**3 - 2*k**2 + 4*k - 4. Let w be j(2). Let a = w + 32. What is the units digit of a?
6
Let l(h) = 2*h**2 + 21*h - 133. What is the units digit of l(-28)?
7
Let g(y) = y**3 + 60*y**2 + 110*y + 49. What is the units digit of g(-58)?
7
Let h(y) = 7*y - 17. Let q be h(3). What is the tens digit of (25/q)/(2/40)?
2
Let j = -166 + 488. What is the hundreds digit of j?
3
Suppose 4*y + 5*d - 24 = 87, 87 = 3*y + 5*d. Let z be (y/(6 + -2))/(-1). Let l(j) = -j**3 - 6*j**2 - 6*j - 6. What is the units digit of l(z)?
0
Let f be (-1 - -1)/(4 + -2). Suppose f*x - 2*x = -8. What is the units digit of x?
4
Let f = -4 - -7. Suppose 24 = 4*z - 2*g, z - 6 = f*g + 5. Suppose 10*k = z*k + 110. What is the tens digit of k?
2
Suppose 0*u - 2*u = -6. Let k be 5*(u - (-13)/(-5)). Suppose -4*v + 4*s + 10 = -2*v, -13 = -5*v - k*s. What is the units digit of v?
3
Let r(a) = 1311*a + 63. What is the units digit of r(1)?
4
Let f be (-37)/(-7) - (-20)/(-70). Suppose 0 = -4*i - f*t + 46 + 179, 4*t - 288 = -5*i. Suppose 0 = -3*a + i + 111. What is the units digit of a?
7
Let y = -54 + 123. Let q = 45 + y. What is the tens digit of q?
1
Let a(p) = -3*p + 15. Let i be a(10). Let h = i + 17. What is the units digit of (-2 - (1 + -25)) + h?
4
Let l(b) be the third derivative of b**5/60 + b**4/8 - b**3/6 - b**2. Let i(m) = -3*m + 4. Let u be i(3). What is the units digit of l(u)?
9
Suppose 0 = 9*j - 0*j - 3582. What is the tens digit of j?
9
Suppose -5*k - 4 = -3*w, -k = 2*w + k - 8. Suppose 2*q = -w*q + 230. What is the tens digit of q?
4
What is the thousands digit of (22732/(-12))/((-6)/(-9) + -1)?
5
Let h(m) = 2*m**2 - 12*m + 21. Let c be h(7). Let n = c + -18. What is the tens digit of n?
1
Suppose -r + 504 = -u, 0 = 34*u - 39*u - 10. What is the units digit of r?
2
Let y be 16 - (-1 - -1 - (2 - -1)). Let l = 75 + y. What is the tens digit of l?
9
Let t = 1934 - 825. What is the thousands digit of t?
1
What is the thousands digit of 541*1/(-5)*(-9 + -26)?
3
Suppose -4*m + 12 = 44. Let n = -1 - m. Suppose -4*x = -n*x + 3*t + 180, -4*x = -t - 240. What is the tens digit of x?
6
Let o(r) = -34*r**3 + 2*r**2 + r + 4. Let u be o(-2). Suppose 8*k = 6*k + u. What is the units digit of k?
1
Let n = -164 - -1004. What is the tens digit of n?
4
Let q(g) = 2*g**3 + 2*g**2 - 2*g. Let p be (-1)/3 + (-20)/12. Let y be q(p). Let m = y + 71. What is the tens digit of m?
6
Let g be 0 - -1*(-8)/12*-381. What is the units digit of (1*(-1 + 2))/(2/g)?
7
Suppose -3 = l - 50. Suppose l = -5*n - 13. Let k = 39 + n. What is the tens digit of k?
2
Let q(c) = 309*c + 5. Let n be q(1). Suppose -n = -5*f - 29. What is the tens digit of f?
5
Let d be -5 + 6 + (-3 - -11). What is the units digit of (-2912)/(-12) + (-6)/d?
2
Suppose 3*u - 1 = 5. Suppose u*j - 8 = -2*j. Suppose -s = -j*s + 3. What is the units digit of s?
3
Suppose -14*w + 16 = -10*w. Suppose -101 = -w*l - 3*n, 155 = 5*l - 0*n - 2*n. What is the units digit of l?
9
Suppose 3*o - 1255 = -427. Let u = o + -191. What is the tens digit of u?
8
Suppose 4 + 4 = 2*c. Let l = c - -84. What is the tens digit of l?
8
Suppose 82*o - 86*o = 3*u - 1304, -8 = 2*o. What is the units digit of u?
0
Let h be 2/(1 - 84/92). Suppose -w = -106 + h. What is the tens digit of w?
8
Suppose -6*b = -5*b - 174. Suppose 2*f - 5*f = b. Let s = -32 - f. What is the units digit of s?
6
Let y be -4 + (3 + -2 - -5). Let t(z) be the third derivative of z**5/20 - z**4/24 + z**3/6 + z**2. What is the tens digit of t(y)?
1
Suppose 0 = 3*p - 5*a - 356, -6*p = -2*p - 3*a - 482. What is the tens digit of p?
2
Let s = 42 + -36. What is the units digit of 17/51 + 308/18*s?
3
Let q(n) = -2*n**3 - 19*n**2 + 5*n + 8. What is the tens digit of q(-10)?
5
Suppose 6602 + 11920 = 42*t. What is the hundreds digit of t?
4
Suppose -3*v - 3 = 0, 118 = 5*p - 3*v + 30. Suppose 3*d - 28 = p. Let s = d - 5. What is the units digit of s?
0
Let o be 19 + -16 + -393*2/2. Let j = o + 571. What is the tens digit of j?
8
Suppose -26*r + 33*r - 16009 = 0. What is the tens digit of r?
8
Let b(w) be the second derivative of w**5/20 + 2*w**4/3 + 4*w**3/3 + 5*w**2 - 7*w. Let m be b(-7). Let a(h) = -h**2 + 2*h + 6. What is the units digit of a(m)?
3
Suppose -2210 + 474 = -31*r. What is the tens digit of r?
5
Suppose -l = -5 + 9. Let m(u) = -u**3 - 5*u**2 - 5*u - 1. Let p be m(l). Suppose -3*x - 5 = 2*x, p*q + 5*x = 34. What is the units digit of q?
3
Suppose 0 = -19*u + 60254 - 22216. What is the tens digit of u?
0
Let a(r) be the third derivative of -r**4/24 + 4*r**3/3 - 8*r**2. Let n be a(8). Suppose 6*u - 10*u + 124 = n. What is the units digit of u?
1
What is the hundreds digit of 118/(-2)*(-26)/4*2?
7
Let c(l) = -27*l - 4. Let z be c(-2). Let f = -75 + z. Let p = f + 49. What is the units digit of p?
4
Let c(y) = 8*y + 29. Let v be c(4). Let d = -21 + v. What is the units digit of d?
0
Suppose 8 = -4*z, 26 = -4*k - 0*k + z. Let r(j) = j + 8. Let q be r(k). What is the units digit of -3*(q + -2) + 5?
8
Let m(r) = 10*r + 13. Let f be m(6). Let n = f - 17. What is the tens digit of n?
5
Suppose -3*v + 1312 = 4*m, 4*m - 5*m = 2*v - 873. What is the tens digit of v?
3
What is the units digit of 5 + (519 - 4/(-1))?
8
Let g = -17 - -21. Suppose 0 = -g*d - 5*t + 17, 8 = d + 4*t + 1. What is the units digit of d?
3
Suppose 0 = -5*j - z - 18 - 48, -4*j - 36 = 5*z. What is the units digit of 9/(2/j*-1)?
3
Suppose -3*d + 4*d = -27. Let c = -24 - d. Suppose -192 = -3*n - c*i, 0*i - 62 = -n + i. What is the tens digit of n?
6
Suppose -4*g - 3*w - 111 = 2*w, -5*w + 57 = -3*g. Let x = -22 - g. Suppose -2*b - 3*d = -63, -b + x*d = 4*b - 110. What is the units digit of b?
4
Let w = -21 + 34. Let n(l) = 8*l - 9. What is the units digit of n(w)?
5
Let n(x) = 26*x - 6. Let d be n(5). Let k be -67 + (-3 - (1 + -7)). Let h = k + d. What is the tens digit of h?
6
Suppose 4*i = 8832 + 2676. What is the tens digit of i?
7
Let d = -41 - -68. Suppose 2*q + 3*h - d = 0, -3*q + h = -0*q - 57. What is the tens digit of q?
1
Suppose 0 = 4*o - 1676 - 412. What is the tens digit of o?
2
Let p(y) = y**2 + 3*y + 17. Let q be p(-8). Let x = q - -8. What is the tens digit of x?
6
Let m(l) = -7*l**2 + 3. Let s(j) = -20*j**2 - j + 8. Let k(c) = -17*m(c) + 6*s(c). Let d be k(-4). Let z = d + 0. What is the units digit of z?
5
Let b(q) = -2*q**2 + 17*q - 3. Let k be b(10). Let h = k + 72. What is the tens digit of h?
3
Let h(f) = f**2 + 9*f + 20. Let q be h(-6). Suppose -3*y - q*y = -365. What is the tens digit of y?
7
Let l(i) = -i + 6*i**2 + 3 - i**3 + 4 - 5*i. Let o = -4 + 9. What is the units digit of l(o)?
2
Let n be ((-12)/(-16))/((5 + -2)/180). Suppose -43*m - 234 = -n*m. What is the tens digit of m?
1
Let o = 98 - 104. Let f = 111 + o. What is the units digit of f?
5
What is the tens digit of (78/(-8) + 3)/(3/(-32))?
7
Let j = -41 + -25. Let c = j + 128. What is the tens digit of c?
6
Let i(a) = 16*a**2 + 4*a - 5. Let x be i(3). Suppose -300 = -x*p + 148*p. What is the hundreds digit of p?
1
Let i(n) = n + 4. Let y be i(-3). Let m(v) = 86*v**2 + v - 1. What is the units digit of m(y)?
6
Let g be 6/6*(9 - 3). Let o(j) = 5*j**2 - 2*j + 7. What is the hundreds digit of o(g)?
1
Let w(h) = 30*h + 45. What is the hundreds digit of w(10)?
3
Let g(l) be the second derivative of 0 + 4*l - 1/6*l**3 + 0*l**2. What is the units digit of g(-2)?
2
Suppose 5*z - 1237 = 2*o + o, 3*z + 4*o = 748. What is the units digit of z?
8
Suppose 14 = -z + l, -l - 64 = 2*z + 3*z. Let j = z - -17. Suppose 0*f + j*f - 48 = 0. What is the units digit of f?
2
Let l(k) = -526*k + 39. What is the units digit of l(-2)?
1
Suppose 5*y = -z + 24, y + 4*z - 21 = -4*y. Suppose -y*a = 41 + 24. Let b = a - -20. What is the units digit of b?
7
Let z = -36 - -86. Suppose q + q = z. What is the tens digit of q?
2
Let y = 104 + -38. Let b = y + 1. What is the units digit of b?
7
Let i(m) = -3*m + 31. Let w be i(9). Suppose 2*r = -w*z + 1